{"id":51,"date":"2021-02-13T02:47:44","date_gmt":"2021-02-13T02:47:44","guid":{"rendered":"https:\/\/arevalogonzalez.com.mx\/www\/about\/"},"modified":"2025-08-21T17:40:28","modified_gmt":"2025-08-21T17:40:28","slug":"nosotros","status":"publish","type":"page","link":"https:\/\/arevalogonzalez.com.mx\/www\/nosotros\/","title":{"rendered":"Nosotros"},"content":{"rendered":"\n\n\n\n\n\n\n\n\n\n\n<span style=\"color: #6787B0;\">\u00bfQuienes&nbsp;<\/span>Somos?\n<p class=\"MsoBodyText\"><span lang=\"ES\" style=\"mso-font-width:105%\">Somos<span style=\"letter-spacing:-1.65pt\">&nbsp;&nbsp;<\/span>una<span style=\"letter-spacing:-1.6pt\">&nbsp;<\/span>Firma&nbsp;de&nbsp;<span style=\"letter-spacing:-1.65pt\"> <\/span>Contadores<span style=\"letter-spacing:-1.6pt\">&nbsp;&nbsp;<\/span>P\u00fablicos<span style=\"letter-spacing:-1.6pt\">&nbsp;<\/span>que brinda servicios profesionales en <span style=\"letter-spacing:-.15pt\">contadur\u00eda\n<\/span>y asesor\u00eda fiscal, basados en la creaci\u00f3n <span style=\"letter-spacing:\n-.4pt\">de <\/span>relaciones a largo plazo y en la confianza de<span style=\"letter-spacing:2.1pt\"> <\/span>nuestros clientes.<\/span><span lang=\"ES\"><o:p><\/o:p><\/span><\/p>\n<p><span lang=\"ES\" >Nuestro compromiso <\/span><span>es <span style=\"letter-spacing:\n.15pt\">aportar <\/span><span style=\"letter-spacing:.25pt\">valor <\/span>agregado en\ncada servicio para mejorar la administraci\u00f3n<span style=\"letter-spacing:-1.65pt\">\n<\/span><span style=\"letter-spacing:-.25pt\">del <\/span>negocio y el manejo del<span style=\"letter-spacing:-1.7pt\"> <\/span>riesgo.<\/span><span lang=\"ES\"><o:p><\/o:p><\/span><\/p>\n\n\n\n\n\n\n\n\n\n\n\n\n\n\n\n\n\n\n\n\n\n\n\n\n\n\n\n\n\n\n\n\n\n\n\n\n\n\n\n\n\n\n<span style=\"color: #6787B0;\">Nuestra&nbsp;<\/span>Experiencia\n<p>Nos respaldan m\u00e1s de 20 a\u00f1os de experiencia como asesores profesionales, aportando a nuestros clientes soluciones a sus problemas del negocio. Nuestra pr\u00e1ctica profesional est\u00e1 fundamentada en el marco de las normas de actuaci\u00f3n profesional, leyes, reglamentos y pol\u00edticas internas aplicables.<br><\/p>\n<p>Estamos convencidos, que para alcanzar el \u00e9xito es necesario el trabajo en equipo, con calidad y fomentando siempre la productividad con base en resultados. Por ello, en <span style=\"color: rgb(79, 129, 189);\">A&amp;G<\/span> estamos comprometidos con fomentar estos principios organizacionales.<br><\/p>\n\n\n\n\n\n\n\n\n<span style=\"color: #6787B0;\">Principales&nbsp;<\/span>Clientes\n<p>En Ar\u00e9valo &amp; Gonz\u00e1lez, estamos comprometidos a brindar servicios contables excepcionales y ayudar a nuestros clientes a alcanzar sus objetivos financieros. Con m\u00e1s de 80 empresas satisfechas con nuestros resultados, nos enorgullece decir que hemos formado relaciones s\u00f3lidas con nuestros clientes. Nos enorgullece el papel que hemos desempe\u00f1ado en el \u00e9xito de nuestras empresas clientes y esperamos poder hacer lo mismo por usted.<br><\/p><br><p>Estos son algunos de nuestros principales clientes:<\/p>\n\nAunde M\u00e9xico, S.A. de C.V.\nCimexlana, S. de R.L. de C.V.\nCompromin, S.A. de C.V.\nEagle Tlaxcala M\u00e9xico, S. de R.L. de C.V.\nEdenred M\u00e9xico, S.A. de C.V.\nTooling &#038; Equipment Frimo-M\u00e9xico, S. de R.L. de C.V.\nGestamp Puebla II, S.A. de C.V.\nGestamp Toluca, S.A. de C.V.\nGestamp San Luis, S.A.P.I. de C.V.\nInteracci\u00f3n M\u00e9dica Laser, S.A. de C.V.\nOxiqu\u00edmica, S.A.P.I. de C.V.\nServicios y Asesor\u00eda Agr\u00edcola de Oriente, S.A. de C.V.\nHerramientas Stanley, S.A. de C.V.\nUngerer Servicios, S.A. de C.V.\n\n\n\n\n\n\n\n\n\n\n\n\n<p><span style=\"color: rgb(255, 255, 255); font-family: Raleway, sans-serif; font-size: 26px; font-style: normal; font-variant-ligatures: normal; font-variant-caps: normal; font-weight: 600; background-color: rgba(242, 242, 242, 0.00); text-decoration-style: initial;\">\u00bfNECESITAS ASESORIA CONTABLE, FISCAL?<\/span><br><\/p>\n<p>No dudes en llamarnos<\/p>\n\n\n","protected":false},"excerpt":{"rendered":"","protected":false},"author":1,"featured_media":0,"parent":0,"menu_order":0,"comment_status":"closed","ping_status":"closed","template":"","meta":{"footnotes":""},"class_list":["post-51","page","type-page","status-publish","hentry"],"yoast_head":"<!-- This site is optimized with the Yoast SEO plugin v22.1 - https:\/\/yoast.com\/wordpress\/plugins\/seo\/ -->\n<title>Nosotros - Ar\u00e9valo y Gonz\u00e1lez<\/title>\n<meta name=\"robots\" content=\"index, follow, max-snippet:-1, max-image-preview:large, max-video-preview:-1\" \/>\n<link rel=\"canonical\" href=\"https:\/\/arevalogonzalez.com.mx\/www\/nosotros\/\" \/>\n<meta property=\"og:locale\" content=\"es_ES\" \/>\n<meta property=\"og:type\" content=\"article\" \/>\n<meta property=\"og:title\" content=\"Nosotros - Ar\u00e9valo y Gonz\u00e1lez\" \/>\n<meta property=\"og:url\" content=\"https:\/\/arevalogonzalez.com.mx\/www\/nosotros\/\" \/>\n<meta property=\"og:site_name\" content=\"Ar\u00e9valo y Gonz\u00e1lez\" \/>\n<meta property=\"article:modified_time\" content=\"2025-08-21T17:40:28+00:00\" \/>\n<meta name=\"twitter:card\" content=\"summary_large_image\" \/>\n<meta name=\"twitter:label1\" content=\"Tiempo de lectura\" \/>\n\t<meta name=\"twitter:data1\" content=\"2 minutos\" \/>\n<script type=\"application\/ld+json\" class=\"yoast-schema-graph\">{\"@context\":\"https:\/\/schema.org\",\"@graph\":[{\"@type\":\"WebPage\",\"@id\":\"https:\/\/arevalogonzalez.com.mx\/www\/nosotros\/\",\"url\":\"https:\/\/arevalogonzalez.com.mx\/www\/nosotros\/\",\"name\":\"Nosotros - Ar\u00e9valo y Gonz\u00e1lez\",\"isPartOf\":{\"@id\":\"https:\/\/arevalogonzalez.com.mx\/www\/#website\"},\"datePublished\":\"2021-02-13T02:47:44+00:00\",\"dateModified\":\"2025-08-21T17:40:28+00:00\",\"breadcrumb\":{\"@id\":\"https:\/\/arevalogonzalez.com.mx\/www\/nosotros\/#breadcrumb\"},\"inLanguage\":\"es\",\"potentialAction\":[{\"@type\":\"ReadAction\",\"target\":[\"https:\/\/arevalogonzalez.com.mx\/www\/nosotros\/\"]}]},{\"@type\":\"BreadcrumbList\",\"@id\":\"https:\/\/arevalogonzalez.com.mx\/www\/nosotros\/#breadcrumb\",\"itemListElement\":[{\"@type\":\"ListItem\",\"position\":1,\"name\":\"Portada\",\"item\":\"https:\/\/arevalogonzalez.com.mx\/www\/\"},{\"@type\":\"ListItem\",\"position\":2,\"name\":\"Nosotros\"}]},{\"@type\":\"WebSite\",\"@id\":\"https:\/\/arevalogonzalez.com.mx\/www\/#website\",\"url\":\"https:\/\/arevalogonzalez.com.mx\/www\/\",\"name\":\"Ar\u00e9valo y Gonz\u00e1lez\",\"description\":\"Consultoria contable\",\"publisher\":{\"@id\":\"https:\/\/arevalogonzalez.com.mx\/www\/#organization\"},\"potentialAction\":[{\"@type\":\"SearchAction\",\"target\":{\"@type\":\"EntryPoint\",\"urlTemplate\":\"https:\/\/arevalogonzalez.com.mx\/www\/?s={search_term_string}\"},\"query-input\":\"required name=search_term_string\"}],\"inLanguage\":\"es\"},{\"@type\":\"Organization\",\"@id\":\"https:\/\/arevalogonzalez.com.mx\/www\/#organization\",\"name\":\"Ar\u00e9valo y Gonz\u00e1lez\",\"url\":\"https:\/\/arevalogonzalez.com.mx\/www\/\",\"logo\":{\"@type\":\"ImageObject\",\"inLanguage\":\"es\",\"@id\":\"https:\/\/arevalogonzalez.com.mx\/www\/#\/schema\/logo\/image\/\",\"url\":\"https:\/\/arevalogonzalez.com.mx\/www\/wp-content\/uploads\/2023\/04\/cropped-Arevalo-Gonzalez_Gallant-logo-2020.jpg\",\"contentUrl\":\"https:\/\/arevalogonzalez.com.mx\/www\/wp-content\/uploads\/2023\/04\/cropped-Arevalo-Gonzalez_Gallant-logo-2020.jpg\",\"width\":1260,\"height\":460,\"caption\":\"Ar\u00e9valo y Gonz\u00e1lez\"},\"image\":{\"@id\":\"https:\/\/arevalogonzalez.com.mx\/www\/#\/schema\/logo\/image\/\"}}]}<\/script>\n<!-- \/ Yoast SEO plugin. -->","yoast_head_json":{"title":"Nosotros - Ar\u00e9valo y Gonz\u00e1lez","robots":{"index":"index","follow":"follow","max-snippet":"max-snippet:-1","max-image-preview":"max-image-preview:large","max-video-preview":"max-video-preview:-1"},"canonical":"https:\/\/arevalogonzalez.com.mx\/www\/nosotros\/","og_locale":"es_ES","og_type":"article","og_title":"Nosotros - Ar\u00e9valo y Gonz\u00e1lez","og_url":"https:\/\/arevalogonzalez.com.mx\/www\/nosotros\/","og_site_name":"Ar\u00e9valo y Gonz\u00e1lez","article_modified_time":"2025-08-21T17:40:28+00:00","twitter_card":"summary_large_image","twitter_misc":{"Tiempo de lectura":"2 minutos"},"schema":{"@context":"https:\/\/schema.org","@graph":[{"@type":"WebPage","@id":"https:\/\/arevalogonzalez.com.mx\/www\/nosotros\/","url":"https:\/\/arevalogonzalez.com.mx\/www\/nosotros\/","name":"Nosotros - Ar\u00e9valo y Gonz\u00e1lez","isPartOf":{"@id":"https:\/\/arevalogonzalez.com.mx\/www\/#website"},"datePublished":"2021-02-13T02:47:44+00:00","dateModified":"2025-08-21T17:40:28+00:00","breadcrumb":{"@id":"https:\/\/arevalogonzalez.com.mx\/www\/nosotros\/#breadcrumb"},"inLanguage":"es","potentialAction":[{"@type":"ReadAction","target":["https:\/\/arevalogonzalez.com.mx\/www\/nosotros\/"]}]},{"@type":"BreadcrumbList","@id":"https:\/\/arevalogonzalez.com.mx\/www\/nosotros\/#breadcrumb","itemListElement":[{"@type":"ListItem","position":1,"name":"Portada","item":"https:\/\/arevalogonzalez.com.mx\/www\/"},{"@type":"ListItem","position":2,"name":"Nosotros"}]},{"@type":"WebSite","@id":"https:\/\/arevalogonzalez.com.mx\/www\/#website","url":"https:\/\/arevalogonzalez.com.mx\/www\/","name":"Ar\u00e9valo y Gonz\u00e1lez","description":"Consultoria contable","publisher":{"@id":"https:\/\/arevalogonzalez.com.mx\/www\/#organization"},"potentialAction":[{"@type":"SearchAction","target":{"@type":"EntryPoint","urlTemplate":"https:\/\/arevalogonzalez.com.mx\/www\/?s={search_term_string}"},"query-input":"required name=search_term_string"}],"inLanguage":"es"},{"@type":"Organization","@id":"https:\/\/arevalogonzalez.com.mx\/www\/#organization","name":"Ar\u00e9valo y Gonz\u00e1lez","url":"https:\/\/arevalogonzalez.com.mx\/www\/","logo":{"@type":"ImageObject","inLanguage":"es","@id":"https:\/\/arevalogonzalez.com.mx\/www\/#\/schema\/logo\/image\/","url":"https:\/\/arevalogonzalez.com.mx\/www\/wp-content\/uploads\/2023\/04\/cropped-Arevalo-Gonzalez_Gallant-logo-2020.jpg","contentUrl":"https:\/\/arevalogonzalez.com.mx\/www\/wp-content\/uploads\/2023\/04\/cropped-Arevalo-Gonzalez_Gallant-logo-2020.jpg","width":1260,"height":460,"caption":"Ar\u00e9valo y Gonz\u00e1lez"},"image":{"@id":"https:\/\/arevalogonzalez.com.mx\/www\/#\/schema\/logo\/image\/"}}]}},"_links":{"self":[{"href":"https:\/\/arevalogonzalez.com.mx\/www\/wp-json\/wp\/v2\/pages\/51","targetHints":{"allow":["GET"]}}],"collection":[{"href":"https:\/\/arevalogonzalez.com.mx\/www\/wp-json\/wp\/v2\/pages"}],"about":[{"href":"https:\/\/arevalogonzalez.com.mx\/www\/wp-json\/wp\/v2\/types\/page"}],"author":[{"embeddable":true,"href":"https:\/\/arevalogonzalez.com.mx\/www\/wp-json\/wp\/v2\/users\/1"}],"replies":[{"embeddable":true,"href":"https:\/\/arevalogonzalez.com.mx\/www\/wp-json\/wp\/v2\/comments?post=51"}],"version-history":[{"count":14,"href":"https:\/\/arevalogonzalez.com.mx\/www\/wp-json\/wp\/v2\/pages\/51\/revisions"}],"predecessor-version":[{"id":1051,"href":"https:\/\/arevalogonzalez.com.mx\/www\/wp-json\/wp\/v2\/pages\/51\/revisions\/1051"}],"wp:attachment":[{"href":"https:\/\/arevalogonzalez.com.mx\/www\/wp-json\/wp\/v2\/media?parent=51"}],"curies":[{"name":"wp","href":"https:\/\/api.w.org\/{rel}","templated":true}]}}