{"id":50,"date":"2021-02-13T02:47:44","date_gmt":"2021-02-13T02:47:44","guid":{"rendered":"https:\/\/arevalogonzalez.com.mx\/www\/home\/"},"modified":"2025-04-08T00:48:20","modified_gmt":"2025-04-08T00:48:20","slug":"inicio","status":"publish","type":"page","link":"https:\/\/arevalogonzalez.com.mx\/www\/","title":{"rendered":"Inicio"},"content":{"rendered":"\n\n\n\r\n<p>Somos una Firma de\u00a0<\/p>\r\n\n\r\n<p><span style=\"font-family: Raleway, sans-serif; font-style: normal; font-variant-ligatures: normal; font-variant-caps: normal; text-decoration-style: initial;\">Contadores P\u00fablicos<\/span><\/p>\r\n\n\r\n<p><span style=\"color: #eeece1;\">que\u00a0<\/span><span style=\"color: #eeece1; font-size: 16px;\">brinda servicios profesionales en contadur\u00eda<\/span><\/p>\r\n<p><span style=\"color: #eeece1;\">y asesor\u00eda fiscal, basados en la creaci\u00f3n de<\/span><\/p>\r\n<p><span style=\"color: #eeece1;\">relaciones a largo plazo y en la confianza de<\/span><\/p>\r\n<p><span style=\"color: #eeece1;\">nuestros clientes.<\/span><\/p>\r\n\n\n\n\n\n\n\r\n<h2>Subsidio para el empleo<\/h2>\r\n\n\r\n<p>Modernizaci\u00f3n y adaptaci\u00f3n al mecanismo fiscal del subsidio<\/p>\r\n<p>para el empleo para el c\u00e1lculo del\u00a0ISR<\/p>\r\n\n<a href=\"https:\/\/arevalogonzalez.com.mx\/www\/wp-content\/uploads\/2024\/05\/AG-Boletin-Decreto-Subsidio-para-el-Empleo01-MAYO-2024-1.pdf\" target=\"_blank\" rel=\"noopener\">\n    <button style=\"\n        background-color: #444444;\n        color: #ffffff;\n        border: 2px solid #ffffff;\n        border-radius: 8px;\n        padding: 10px 20px;\n        cursor: pointer;\n        transition: background-color 0.3s;\n        margin-top: 1em;\n        display: flex;\n        align-items: center;\n    \"\n    onmouseover=\"this.style.backgroundColor='#555555';\" \n    onmouseout=\"this.style.backgroundColor='#444444';\">\n        <svg xmlns=\"http:\/\/www.w3.org\/2000\/svg\" width=\"16\" height=\"16\" fill=\"#ffffff\" viewBox=\"0 0 512 512\" style=\"margin-right: 8px;\">\n            <path d=\"M64 464l48 0 0 48-48 0c-35.3 0-64-28.7-64-64L0 64C0 28.7 28.7 0 64 0L229.5 0c17 0 33.3 6.7 45.3 18.7l90.5 90.5c12 12 18.7 28.3 18.7 45.3L384 304l-48 0 0-144-80 0c-17.7 0-32-14.3-32-32l0-80L64 48c-8.8 0-16 7.2-16 16l0 384c0 8.8 7.2 16 16 16zM176 352l32 0c30.9 0 56 25.1 56 56s-25.1 56-56 56l-16 0 0 32c0 8.8-7.2 16-16 16s-16-7.2-16-16l0-48 0-80c0-8.8 7.2-16 16-16zm32 80c13.3 0 24-10.7 24-24s-10.7-24-24-24l-16 0 0 48 16 0zm96-80l32 0c26.5 0 48 21.5 48 48l0 64c0 26.5-21.5 48-48 48l-32 0c-8.8 0-16-7.2-16-16l0-128c0-8.8 7.2-16 16-16zm32 128c8.8 0 16-7.2 16-16l0-64c0-8.8-7.2-16-16-16l-16 0 0 96 16 0zm80-112c0-8.8 7.2-16 16-16l48 0c8.8 0 16 7.2 16 16s-7.2 16-16 16l-32 0 0 32 32 0c8.8 0 16 7.2 16 16s-7.2 16-16 16l-32 0 0 48c0 8.8-7.2 16-16 16s-16-7.2-16-16l0-64 0-64z\"\/>\n        <\/svg>\n        Ver Bolet\u00edn Completo\n    <\/button>\n<\/a>\n\n\n\n\n\n\n\n\r\n<h2><span class=\"subtitulo-custom\">Sobre<\/span> Nosotros<\/h2>\r\n\n\r\n<p>Nuestro compromiso es aportar valor agregado en cada servicio para mejorar la administraci\u00f3n del negocio y el manejo del riesgo.<\/p>\r\n\n\r\n<p>Nos respaldan m\u00e1s de 20 a\u00f1os de experiencia como asesores profesionales, aportando a nuestros clientes soluciones a sus problemas del negocio. Nuestra pr\u00e1ctica profesional est\u00e1 fundamentada en el marco de las normas de actuaci\u00f3n profesional, leyes, reglamentos y pol\u00edticas internas aplicables.<\/p>\r\n\n\r\n<p>Estamos convencidos, que para alcanzar el \u00e9xito es necesario el trabajo en equipo, con calidad y fomentando siempre la productividad con base en resultados. Por ello, en A&amp;G estamos comprometidos con fomentar estos principios organizacionales.<\/p>\r\n\n\n\n\n\n\n\n\n\r\n<h2><span class=\"subtitulo-custom\">Nuestros<\/span>\u00a0servicios<\/h2>\r\n\n\n\n\r\n<p style=\"text-align: center;\">Realizar la n\u00f3mina requiere de profesionalismo y responsabilidad debido a la gran cantidad de regulaciones y deducciones que establece la ley.<\/p>\r\n\n\n\n\r\n<p style=\"text-align: center;\">La funci\u00f3n m\u00e1s importante de la asesor\u00eda contable es la interpretaci\u00f3n de toda la informaci\u00f3n que recibe para poder llevar a cabo las decisiones m\u00e1s correctas para la empresa.<\/p>\r\n\n\n\n\r\n<p style=\"text-align: center;\">Las relaciones de una empresa con el fisco son un asunto de gran importancia. Cumplir con nuestras\u00a0obligaciones fiscales\u00a0es esencial para que podamos evitar sanciones y garantizar la estabilidad de nuestro negocio.<\/p>\r\n\n\n\n\r\n<p style=\"text-align: center;\">Desde el primer d\u00eda que cuentes con un asesor fiscal notar\u00e1s que la carga y el estr\u00e9s que ten\u00edas sobre tus hombros se evapora por entero.<\/p>\r\n\n\n\n\n\n\n\r\n<h2><span class=\"subtitulo-custom-alternativo\">Principales<\/span>\u00a0Sectores<\/h2>\r\n\n\n\r\n<p>Industria Automotriz<\/p>\r\n\n\r\n<p>Transporte<\/p>\r\n\n\r\n<p>Bienes Ra\u00edces<\/p>\r\n\n\r\n<p>Construcci\u00f3n<\/p>\r\n\n\r\n<p>Comercio<\/p>\r\n\n\n\n\n\r\n<h2><span class=\"subtitulo-custom\">Principales<\/span>\u00a0Clientes<\/h2>\r\n\n\n\r\n<p>Aunde M\u00e9xico, S.A. de C.V.<\/p>\r\n\n\r\n<p>Cimexlana, S. de R.L. de C.V.<\/p>\r\n\n\r\n<p>Compromin, S.A. de C.V.<\/p>\r\n\n\r\n<p>Eagle Tlaxcala M\u00e9xico, S. de R.L. de C.V.<\/p>\r\n\n\r\n<p>Oxiqu\u00edmica, S.A.P.I. de C.V.<\/p>\r\n\n\r\n<p>Herramientas Stanley, S.A. de C.V.<\/p>\r\n\n\n\n\n\n\n\n","protected":false},"excerpt":{"rendered":"","protected":false},"author":1,"featured_media":0,"parent":0,"menu_order":0,"comment_status":"closed","ping_status":"closed","template":"","meta":{"footnotes":""},"class_list":["post-50","page","type-page","status-publish","hentry"],"yoast_head":"<!-- This site is optimized with the Yoast SEO plugin v22.1 - https:\/\/yoast.com\/wordpress\/plugins\/seo\/ -->\n<title>Inicio - Ar\u00e9valo y Gonz\u00e1lez<\/title>\n<meta name=\"robots\" content=\"index, follow, max-snippet:-1, max-image-preview:large, max-video-preview:-1\" \/>\n<link rel=\"canonical\" href=\"https:\/\/arevalogonzalez.com.mx\/www\/\" \/>\n<meta property=\"og:locale\" content=\"es_ES\" \/>\n<meta property=\"og:type\" content=\"article\" \/>\n<meta property=\"og:title\" content=\"Inicio - Ar\u00e9valo y Gonz\u00e1lez\" \/>\n<meta property=\"og:url\" content=\"https:\/\/arevalogonzalez.com.mx\/www\/\" \/>\n<meta property=\"og:site_name\" content=\"Ar\u00e9valo y Gonz\u00e1lez\" \/>\n<meta property=\"article:modified_time\" content=\"2025-04-08T00:48:20+00:00\" \/>\n<meta name=\"twitter:card\" content=\"summary_large_image\" \/>\n<meta name=\"twitter:label1\" content=\"Tiempo de lectura\" \/>\n\t<meta name=\"twitter:data1\" content=\"2 minutos\" \/>\n<script type=\"application\/ld+json\" class=\"yoast-schema-graph\">{\"@context\":\"https:\/\/schema.org\",\"@graph\":[{\"@type\":\"WebPage\",\"@id\":\"https:\/\/arevalogonzalez.com.mx\/www\/\",\"url\":\"https:\/\/arevalogonzalez.com.mx\/www\/\",\"name\":\"Inicio - Ar\u00e9valo y Gonz\u00e1lez\",\"isPartOf\":{\"@id\":\"https:\/\/arevalogonzalez.com.mx\/www\/#website\"},\"datePublished\":\"2021-02-13T02:47:44+00:00\",\"dateModified\":\"2025-04-08T00:48:20+00:00\",\"breadcrumb\":{\"@id\":\"https:\/\/arevalogonzalez.com.mx\/www\/#breadcrumb\"},\"inLanguage\":\"es\",\"potentialAction\":[{\"@type\":\"ReadAction\",\"target\":[\"https:\/\/arevalogonzalez.com.mx\/www\/\"]}]},{\"@type\":\"BreadcrumbList\",\"@id\":\"https:\/\/arevalogonzalez.com.mx\/www\/#breadcrumb\",\"itemListElement\":[{\"@type\":\"ListItem\",\"position\":1,\"name\":\"Portada\",\"item\":\"https:\/\/arevalogonzalez.com.mx\/www\/\"},{\"@type\":\"ListItem\",\"position\":2,\"name\":\"Inicio\"}]},{\"@type\":\"WebSite\",\"@id\":\"https:\/\/arevalogonzalez.com.mx\/www\/#website\",\"url\":\"https:\/\/arevalogonzalez.com.mx\/www\/\",\"name\":\"Ar\u00e9valo y Gonz\u00e1lez\",\"description\":\"Consultoria contable\",\"publisher\":{\"@id\":\"https:\/\/arevalogonzalez.com.mx\/www\/#organization\"},\"potentialAction\":[{\"@type\":\"SearchAction\",\"target\":{\"@type\":\"EntryPoint\",\"urlTemplate\":\"https:\/\/arevalogonzalez.com.mx\/www\/?s={search_term_string}\"},\"query-input\":\"required name=search_term_string\"}],\"inLanguage\":\"es\"},{\"@type\":\"Organization\",\"@id\":\"https:\/\/arevalogonzalez.com.mx\/www\/#organization\",\"name\":\"Ar\u00e9valo y Gonz\u00e1lez\",\"url\":\"https:\/\/arevalogonzalez.com.mx\/www\/\",\"logo\":{\"@type\":\"ImageObject\",\"inLanguage\":\"es\",\"@id\":\"https:\/\/arevalogonzalez.com.mx\/www\/#\/schema\/logo\/image\/\",\"url\":\"https:\/\/arevalogonzalez.com.mx\/www\/wp-content\/uploads\/2023\/04\/cropped-Arevalo-Gonzalez_Gallant-logo-2020.jpg\",\"contentUrl\":\"https:\/\/arevalogonzalez.com.mx\/www\/wp-content\/uploads\/2023\/04\/cropped-Arevalo-Gonzalez_Gallant-logo-2020.jpg\",\"width\":1260,\"height\":460,\"caption\":\"Ar\u00e9valo y Gonz\u00e1lez\"},\"image\":{\"@id\":\"https:\/\/arevalogonzalez.com.mx\/www\/#\/schema\/logo\/image\/\"}}]}<\/script>\n<!-- \/ Yoast SEO plugin. -->","yoast_head_json":{"title":"Inicio - Ar\u00e9valo y Gonz\u00e1lez","robots":{"index":"index","follow":"follow","max-snippet":"max-snippet:-1","max-image-preview":"max-image-preview:large","max-video-preview":"max-video-preview:-1"},"canonical":"https:\/\/arevalogonzalez.com.mx\/www\/","og_locale":"es_ES","og_type":"article","og_title":"Inicio - Ar\u00e9valo y Gonz\u00e1lez","og_url":"https:\/\/arevalogonzalez.com.mx\/www\/","og_site_name":"Ar\u00e9valo y Gonz\u00e1lez","article_modified_time":"2025-04-08T00:48:20+00:00","twitter_card":"summary_large_image","twitter_misc":{"Tiempo de lectura":"2 minutos"},"schema":{"@context":"https:\/\/schema.org","@graph":[{"@type":"WebPage","@id":"https:\/\/arevalogonzalez.com.mx\/www\/","url":"https:\/\/arevalogonzalez.com.mx\/www\/","name":"Inicio - Ar\u00e9valo y Gonz\u00e1lez","isPartOf":{"@id":"https:\/\/arevalogonzalez.com.mx\/www\/#website"},"datePublished":"2021-02-13T02:47:44+00:00","dateModified":"2025-04-08T00:48:20+00:00","breadcrumb":{"@id":"https:\/\/arevalogonzalez.com.mx\/www\/#breadcrumb"},"inLanguage":"es","potentialAction":[{"@type":"ReadAction","target":["https:\/\/arevalogonzalez.com.mx\/www\/"]}]},{"@type":"BreadcrumbList","@id":"https:\/\/arevalogonzalez.com.mx\/www\/#breadcrumb","itemListElement":[{"@type":"ListItem","position":1,"name":"Portada","item":"https:\/\/arevalogonzalez.com.mx\/www\/"},{"@type":"ListItem","position":2,"name":"Inicio"}]},{"@type":"WebSite","@id":"https:\/\/arevalogonzalez.com.mx\/www\/#website","url":"https:\/\/arevalogonzalez.com.mx\/www\/","name":"Ar\u00e9valo y Gonz\u00e1lez","description":"Consultoria contable","publisher":{"@id":"https:\/\/arevalogonzalez.com.mx\/www\/#organization"},"potentialAction":[{"@type":"SearchAction","target":{"@type":"EntryPoint","urlTemplate":"https:\/\/arevalogonzalez.com.mx\/www\/?s={search_term_string}"},"query-input":"required name=search_term_string"}],"inLanguage":"es"},{"@type":"Organization","@id":"https:\/\/arevalogonzalez.com.mx\/www\/#organization","name":"Ar\u00e9valo y Gonz\u00e1lez","url":"https:\/\/arevalogonzalez.com.mx\/www\/","logo":{"@type":"ImageObject","inLanguage":"es","@id":"https:\/\/arevalogonzalez.com.mx\/www\/#\/schema\/logo\/image\/","url":"https:\/\/arevalogonzalez.com.mx\/www\/wp-content\/uploads\/2023\/04\/cropped-Arevalo-Gonzalez_Gallant-logo-2020.jpg","contentUrl":"https:\/\/arevalogonzalez.com.mx\/www\/wp-content\/uploads\/2023\/04\/cropped-Arevalo-Gonzalez_Gallant-logo-2020.jpg","width":1260,"height":460,"caption":"Ar\u00e9valo y Gonz\u00e1lez"},"image":{"@id":"https:\/\/arevalogonzalez.com.mx\/www\/#\/schema\/logo\/image\/"}}]}},"_links":{"self":[{"href":"https:\/\/arevalogonzalez.com.mx\/www\/wp-json\/wp\/v2\/pages\/50","targetHints":{"allow":["GET"]}}],"collection":[{"href":"https:\/\/arevalogonzalez.com.mx\/www\/wp-json\/wp\/v2\/pages"}],"about":[{"href":"https:\/\/arevalogonzalez.com.mx\/www\/wp-json\/wp\/v2\/types\/page"}],"author":[{"embeddable":true,"href":"https:\/\/arevalogonzalez.com.mx\/www\/wp-json\/wp\/v2\/users\/1"}],"replies":[{"embeddable":true,"href":"https:\/\/arevalogonzalez.com.mx\/www\/wp-json\/wp\/v2\/comments?post=50"}],"version-history":[{"count":13,"href":"https:\/\/arevalogonzalez.com.mx\/www\/wp-json\/wp\/v2\/pages\/50\/revisions"}],"predecessor-version":[{"id":1039,"href":"https:\/\/arevalogonzalez.com.mx\/www\/wp-json\/wp\/v2\/pages\/50\/revisions\/1039"}],"wp:attachment":[{"href":"https:\/\/arevalogonzalez.com.mx\/www\/wp-json\/wp\/v2\/media?parent=50"}],"curies":[{"name":"wp","href":"https:\/\/api.w.org\/{rel}","templated":true}]}}